[INFO] fetching crate esp-storage 0.1.0...
[INFO] checking esp-storage-0.1.0 against master#e6e4f7ed1589e03bc2f6c5931c1a72e7947e8682 for beta-170-4
[INFO] extracting crate esp-storage 0.1.0 into /workspace/builds/worker-3-tc2/source
[INFO] validating manifest of crates.io crate esp-storage 0.1.0 on toolchain e6e4f7ed1589e03bc2f6c5931c1a72e7947e8682
[INFO] running `Command { std: CARGO_HOME="/workspace/cargo-home" RUSTUP_HOME="/workspace/rustup-home" "/workspace/cargo-home/bin/cargo" "+e6e4f7ed1589e03bc2f6c5931c1a72e7947e8682" "metadata" "--manifest-path" "Cargo.toml" "--no-deps", kill_on_drop: false }`
[INFO] removed /workspace/builds/worker-3-tc2/source/.cargo/config.toml
[INFO] started tweaking crates.io crate esp-storage 0.1.0
[INFO] finished tweaking crates.io crate esp-storage 0.1.0
[INFO] tweaked toml for crates.io crate esp-storage 0.1.0 written to /workspace/builds/worker-3-tc2/source/Cargo.toml
[INFO] crate crates.io crate esp-storage 0.1.0 already has a lockfile, it will not be regenerated
[INFO] running `Command { std: CARGO_HOME="/workspace/cargo-home" RUSTUP_HOME="/workspace/rustup-home" "/workspace/cargo-home/bin/cargo" "+e6e4f7ed1589e03bc2f6c5931c1a72e7947e8682" "fetch" "--manifest-path" "Cargo.toml", kill_on_drop: false }`
[INFO] running `Command { std: "docker" "create" "-v" "/var/lib/crater-agent-workspace/builds/worker-3-tc2/target:/opt/rustwide/target:rw,Z" "-v" "/var/lib/crater-agent-workspace/builds/worker-3-tc2/source:/opt/rustwide/workdir:ro,Z" "-v" "/var/lib/crater-agent-workspace/cargo-home:/opt/rustwide/cargo-home:ro,Z" "-v" "/var/lib/crater-agent-workspace/rustup-home:/opt/rustwide/rustup-home:ro,Z" "-e" "SOURCE_DIR=/opt/rustwide/workdir" "-e" "CARGO_TARGET_DIR=/opt/rustwide/target" "-e" "CARGO_HOME=/opt/rustwide/cargo-home" "-e" "RUSTUP_HOME=/opt/rustwide/rustup-home" "-w" "/opt/rustwide/workdir" "-m" "1610612736" "--user" "0:0" "--network" "none" "ghcr.io/rust-lang/crates-build-env/linux@sha256:19e73879b68f455e41552ea35293514db52ea292d993f571636dbffedb77a1ee" "/opt/rustwide/cargo-home/bin/cargo" "+e6e4f7ed1589e03bc2f6c5931c1a72e7947e8682" "metadata" "--no-deps" "--format-version=1", kill_on_drop: false }`
[INFO] [stdout] 894ed0560fb52ac701d267a34e4b374228effdf1422a6935202e0c701a458448
[INFO] running `Command { std: "docker" "start" "-a" "894ed0560fb52ac701d267a34e4b374228effdf1422a6935202e0c701a458448", kill_on_drop: false }`
[INFO] running `Command { std: "docker" "inspect" "894ed0560fb52ac701d267a34e4b374228effdf1422a6935202e0c701a458448", kill_on_drop: false }`
[INFO] running `Command { std: "docker" "rm" "-f" "894ed0560fb52ac701d267a34e4b374228effdf1422a6935202e0c701a458448", kill_on_drop: false }`
[INFO] [stdout] 894ed0560fb52ac701d267a34e4b374228effdf1422a6935202e0c701a458448
[INFO] running `Command { std: "docker" "create" "-v" "/var/lib/crater-agent-workspace/builds/worker-3-tc2/target:/opt/rustwide/target:rw,Z" "-v" "/var/lib/crater-agent-workspace/builds/worker-3-tc2/source:/opt/rustwide/workdir:ro,Z" "-v" "/var/lib/crater-agent-workspace/cargo-home:/opt/rustwide/cargo-home:ro,Z" "-v" "/var/lib/crater-agent-workspace/rustup-home:/opt/rustwide/rustup-home:ro,Z" "-e" "SOURCE_DIR=/opt/rustwide/workdir" "-e" "CARGO_TARGET_DIR=/opt/rustwide/target" "-e" "CARGO_INCREMENTAL=0" "-e" "RUST_BACKTRACE=full" "-e" "RUSTFLAGS=--cap-lints=forbid" "-e" "RUSTDOCFLAGS=--cap-lints=forbid" "-e" "CARGO_HOME=/opt/rustwide/cargo-home" "-e" "RUSTUP_HOME=/opt/rustwide/rustup-home" "-w" "/opt/rustwide/workdir" "-m" "1610612736" "--user" "0:0" "--network" "none" "ghcr.io/rust-lang/crates-build-env/linux@sha256:19e73879b68f455e41552ea35293514db52ea292d993f571636dbffedb77a1ee" "/opt/rustwide/cargo-home/bin/cargo" "+e6e4f7ed1589e03bc2f6c5931c1a72e7947e8682" "check" "--frozen" "--all" "--all-targets" "--message-format=json", kill_on_drop: false }`
[INFO] [stdout] d81da244dd98f4d640ff5e809ad23b658977d69dd434d36e6f232baa02d1ac26
[INFO] running `Command { std: "docker" "start" "-a" "d81da244dd98f4d640ff5e809ad23b658977d69dd434d36e6f232baa02d1ac26", kill_on_drop: false }`
[INFO] [stderr]    Compiling esp-storage v0.1.0 (/opt/rustwide/workdir)
[INFO] [stderr]     Checking embedded-storage v0.3.0
[INFO] [stdout] error[E0583]: file not found for module `chip_specific`
[INFO] [stdout]  --> src/lib.rs:9:1
[INFO] [stdout]   |
[INFO] [stdout] 9 | mod chip_specific;
[INFO] [stdout]   | ^^^^^^^^^^^^^^^^^^
[INFO] [stdout]   |
[INFO] [stdout]   = help: to create the module `chip_specific`, create file "src/chip_specific.rs" or "src/chip_specific/mod.rs"
[INFO] [stdout] 
[INFO] [stdout] 
[INFO] [stdout] error[E0583]: file not found for module `chip_specific`
[INFO] [stdout]  --> src/lib.rs:9:1
[INFO] [stdout]   |
[INFO] [stdout] 9 | mod chip_specific;
[INFO] [stdout]   | ^^^^^^^^^^^^^^^^^^
[INFO] [stdout]   |
[INFO] [stdout]   = help: to create the module `chip_specific`, create file "src/chip_specific.rs" or "src/chip_specific/mod.rs"
[INFO] [stdout] 
[INFO] [stdout] 
[INFO] [stdout] error[E0425]: cannot find function `esp_rom_spiflash_read` in module `chip_specific`
[INFO] [stdout]   --> src/lib.rs:59:30
[INFO] [stdout]    |
[INFO] [stdout] 59 |     let res = chip_specific::esp_rom_spiflash_read(
[INFO] [stdout]    |                              ^^^^^^^^^^^^^^^^^^^^^ not found in `chip_specific`
[INFO] [stdout] 
[INFO] [stdout] 
[INFO] [stdout] error[E0425]: cannot find function `esp_rom_spiflash_unlock` in module `chip_specific`
[INFO] [stdout]   --> src/lib.rs:84:27
[INFO] [stdout]    |
[INFO] [stdout] 84 |         if chip_specific::esp_rom_spiflash_unlock() != 0 {
[INFO] [stdout]    |                           ^^^^^^^^^^^^^^^^^^^^^^^ not found in `chip_specific`
[INFO] [stdout] 
[INFO] [stdout] 
[INFO] [stdout] error[E0425]: cannot find function `esp_rom_spiflash_erase_sector` in module `chip_specific`
[INFO] [stdout]   --> src/lib.rs:90:30
[INFO] [stdout]    |
[INFO] [stdout] 90 |     let res = chip_specific::esp_rom_spiflash_erase_sector(offset / FLASH_SECTOR_SIZE);
[INFO] [stdout]    |                              ^^^^^^^^^^^^^^^^^^^^^^^^^^^^^ not found in `chip_specific`
[INFO] [stdout] 
[INFO] [stdout] 
[INFO] [stdout] error[E0425]: cannot find function `esp_rom_spiflash_write` in module `chip_specific`
[INFO] [stdout]   --> src/lib.rs:95:30
[INFO] [stdout]    |
[INFO] [stdout] 95 |     let res = chip_specific::esp_rom_spiflash_write(
[INFO] [stdout]    |                              ^^^^^^^^^^^^^^^^^^^^^^ not found in `chip_specific`
[INFO] [stdout] 
[INFO] [stdout] 
[INFO] [stdout] error[E0425]: cannot find function `esp_rom_spiflash_read` in module `chip_specific`
[INFO] [stdout]   --> src/lib.rs:59:30
[INFO] [stdout]    |
[INFO] [stdout] 59 |     let res = chip_specific::esp_rom_spiflash_read(
[INFO] [stdout]    |                              ^^^^^^^^^^^^^^^^^^^^^ not found in `chip_specific`
[INFO] [stdout] 
[INFO] [stdout] 
[INFO] [stdout] error[E0425]: cannot find function `esp_rom_spiflash_unlock` in module `chip_specific`
[INFO] [stdout]   --> src/lib.rs:84:27
[INFO] [stdout]    |
[INFO] [stdout] 84 |         if chip_specific::esp_rom_spiflash_unlock() != 0 {
[INFO] [stdout]    |                           ^^^^^^^^^^^^^^^^^^^^^^^ not found in `chip_specific`
[INFO] [stdout] 
[INFO] [stdout] 
[INFO] [stdout] error[E0425]: cannot find function `esp_rom_spiflash_erase_sector` in module `chip_specific`
[INFO] [stdout]   --> src/lib.rs:90:30
[INFO] [stdout]    |
[INFO] [stdout] 90 |     let res = chip_specific::esp_rom_spiflash_erase_sector(offset / FLASH_SECTOR_SIZE);
[INFO] [stdout]    |                              ^^^^^^^^^^^^^^^^^^^^^^^^^^^^^ not found in `chip_specific`
[INFO] [stdout] 
[INFO] [stdout] 
[INFO] [stdout] error[E0425]: cannot find function `esp_rom_spiflash_write` in module `chip_specific`
[INFO] [stdout]   --> src/lib.rs:95:30
[INFO] [stdout]    |
[INFO] [stdout] 95 |     let res = chip_specific::esp_rom_spiflash_write(
[INFO] [stdout]    |                              ^^^^^^^^^^^^^^^^^^^^^^ not found in `chip_specific`
[INFO] [stdout] 
[INFO] [stdout] 
[INFO] [stdout] error: aborting due to 5 previous errors
[INFO] [stdout] 
[INFO] [stdout] 
[INFO] [stdout] Some errors have detailed explanations: E0425, E0583.
[INFO] [stdout] 
[INFO] [stdout] For more information about an error, try `rustc --explain E0425`.
[INFO] [stdout] 
[INFO] [stderr] error: could not compile `esp-storage` (lib) due to 6 previous errors
[INFO] [stderr] warning: build failed, waiting for other jobs to finish...
[INFO] [stdout] error: aborting due to 5 previous errors
[INFO] [stdout] 
[INFO] [stdout] 
[INFO] [stdout] Some errors have detailed explanations: E0425, E0583.
[INFO] [stdout] 
[INFO] [stdout] For more information about an error, try `rustc --explain E0425`.
[INFO] [stdout] 
[INFO] [stderr] error: could not compile `esp-storage` (lib test) due to 6 previous errors
[INFO] running `Command { std: "docker" "inspect" "d81da244dd98f4d640ff5e809ad23b658977d69dd434d36e6f232baa02d1ac26", kill_on_drop: false }`
[INFO] running `Command { std: "docker" "rm" "-f" "d81da244dd98f4d640ff5e809ad23b658977d69dd434d36e6f232baa02d1ac26", kill_on_drop: false }`
[INFO] [stdout] d81da244dd98f4d640ff5e809ad23b658977d69dd434d36e6f232baa02d1ac26
